{"id":34,"date":"2020-03-20T19:10:53","date_gmt":"2020-03-20T22:10:53","guid":{"rendered":"https:\/\/aizuryu.com\/alunos\/register\/"},"modified":"2020-03-27T10:20:37","modified_gmt":"2020-03-27T13:20:37","slug":"register","status":"publish","type":"page","link":"https:\/\/aizuryu.com\/alunos\/register\/","title":{"rendered":"Registro"},"content":{"rendered":"<p>N\u00e3o \u00e9 poss\u00edvel registrar pelo site, consulte o representante de sua escola.<\/p>\n","protected":false},"excerpt":{"rendered":"<p>N\u00e3o \u00e9 poss\u00edvel registrar pelo site, consulte o representante de sua escola.<\/p>\n","protected":false},"author":1,"featured_media":0,"parent":0,"menu_order":0,"comment_status":"closed","ping_status":"closed","template":"","meta":{"footnotes":""},"_links":{"self":[{"href":"https:\/\/aizuryu.com\/alunos\/wp-json\/wp\/v2\/pages\/34"}],"collection":[{"href":"https:\/\/aizuryu.com\/alunos\/wp-json\/wp\/v2\/pages"}],"about":[{"href":"https:\/\/aizuryu.com\/alunos\/wp-json\/wp\/v2\/types\/page"}],"author":[{"embeddable":true,"href":"https:\/\/aizuryu.com\/alunos\/wp-json\/wp\/v2\/users\/1"}],"replies":[{"embeddable":true,"href":"https:\/\/aizuryu.com\/alunos\/wp-json\/wp\/v2\/comments?post=34"}],"version-history":[{"count":2,"href":"https:\/\/aizuryu.com\/alunos\/wp-json\/wp\/v2\/pages\/34\/revisions"}],"predecessor-version":[{"id":87,"href":"https:\/\/aizuryu.com\/alunos\/wp-json\/wp\/v2\/pages\/34\/revisions\/87"}],"wp:attachment":[{"href":"https:\/\/aizuryu.com\/alunos\/wp-json\/wp\/v2\/media?parent=34"}],"curies":[{"name":"wp","href":"https:\/\/api.w.org\/{rel}","templated":true}]}}